 -427. What is the units digit of r?
7
Let x = -12916 - -12907. Let f(g) = 2*g - 3*g**2 + 4*g**2 + 8 + 2*g. What is the units digit of f(x)?
3
What is the ten thousands digit of (-24924)/(-2)*152/57?
3
Let k be 9 + (-1030)/(-3 + 1). Suppose -2*j + 7*j = 10. Suppose -3*y - j*s = -0*s - 373, 4*s + k = 4*y. What is the hundreds digit of y?
1
Suppose -17*v - 48 = -25*v. Suppose -5695 - 1643 = -v*n. What is the tens digit of n?
2
Let m(z) = -z + 3. Let t be m(12). Let p(c) = -c**2 - 10*c - 7. Let v be p(t). Suppose -4*s + 502 = -k, v*s + k - 193 - 55 = 0. What is the tens digit of s?
2
Suppose o - 80 = 5*c - 15, 0 = 2*c + o + 19. Let l(m) be the first derivative of -m**4/4 - 11*m**3/3 - 22*m + 1. What is the hundreds digit of l(c)?
1
What is the hundreds digit of ((-315)/(-42)*523/(-5))/((-3)/6)?
5
Let g be (-1323)/(-693) + (-1)/(-11). Suppose -g*v = 4*f - 1280, -v = -4*f + 4*v + 1252. What is the hundreds digit of f?
3
Let t be 242/11 - (-1 + 3). Let n = 55 - t. Suppose -901 - n = -12*c. What is the units digit of c?
8
Let o be (-1 - (-2)/6)/(12/(-90)). Suppose z + 236 = 3*z + 5*w, 0 = -z - o*w + 113. Let h = z + -67. What is the units digit of h?
6
Suppose -5*j - 18 = -o, 2*j = -3*o + 73 - 2. Let u = 638 + o. What is the tens digit of u?
6
Let v(q) = 18 - 2*q + q**2 - 2*q**2 - 5*q**2 - 4*q**2. Let h be v(6). Let z = -196 - h. What is the tens digit of z?
5
Let t = 97 + -76. Let o(l) = -122*l**3 - 10*l - 31 - 20*l**2 - 9*l + 123*l**3. What is the tens digit of o(t)?
1
Let a be -1 + 6 - ((-8 - 0) + 5). Suppose 5*r - a = -2*g, -r + 0 = g - 4. Suppose r = 5*m - 252 + 37. What is the tens digit of m?
4
What is the thousands digit of 2425 + (72 + -7)/5?
2
Let y(r) = -r**3 - 26*r**2 + 81*r + 644. What is the thousands digit of y(-45)?
5
Suppose -3*r = -2*t - r, 5*r - 5 = 0. Suppose 2*a - 11 + t = -2*d, 2*d - 6 = 2*a. What is the tens digit of 1/(a/(-385)*-5)?
7
Let v = 2172 - 2186. Let l(z) = 0 + 11 + 37 + z. What is the tens digit of l(v)?
3
Suppose 5*p = -4*y + 15485, 5*y - y - 15495 = -7*p. What is the units digit of y?
5
What is the tens digit of 1/((-21)/(-6)) + (-10 - 731588/(-182))?
1
Suppose -4*m - 3*a + 544 = -2984, 5*a = -5*m + 4405. Suppose -146 - 1679 = -4*r - v, 2*r = 5*v + m. What is the hundreds digit of r?
4
Suppose -2*s = 39*x - 41*x - 104820, x = -8. What is the tens digit of s?
0
Let s = 20344 + -9256. What is the ten thousands digit of s?
1
Let c be (-860)/(-6)*(-420)/25. Suppose 8 = 4*y + 3*r + 2*r, -y + 2 = -r. What is the tens digit of ((-3)/y)/(21/c)?
7
Let m(x) = -574 - 570 + 1135 + 249*x. What is the hundreds digit of m(4)?
9
Let n be (1 - 22/14)/(138/(-54579)). What is the units digit of -3*n/8*-12?
7
Suppose -1314417 = -36*u - 14*u + 644283. What is the thousands digit of u?
9
Let f(v) = 20*v**2 + 65*v - 116. What is the ten thousands digit of f(22)?
1
Let b(j) = -55*j - 1255. Let x be b(-24). Suppose -4*w = -22 - 30. Suppose -w*o = -8*o - x. What is the tens digit of o?
1
Let q(i) = 45*i**3 - i**2 + 8*i + 16. Let h be q(-3). Let x = 2839 + h. What is the units digit of x?
7
Let y(s) be the third derivative of s**5/30 + s**4/8 + 7*s**3/6 + s**2. Suppose -37 = -5*q + 6*f - 10*f, -4*q = 3*f - 29. What is the units digit of y(q)?
2
Suppose 8*g = -g. Suppose g = -2*l + 3*l + 6822. What is the hundreds digit of l/(-48) + (-17)/8 + 2?
1
Suppose 4*k - 25 = -3*n, -2*k - k = -2*n - 6. Let c = -2937 - -2937. Suppose g = -c*g + n*b + 29, -5*b = 10. What is the units digit of g?
3
Suppose -9*d - 9*d + 157049 = -138349. What is the tens digit of d?
1
Suppose 0 = 2*m + 6*m - 6528. Let z = m + 437. What is the thousands digit of z?
1
Let l(r) be the first derivative of 155*r**3/3 - r**2/2 + 2*r + 31. What is the units digit of l(1)?
6
Suppose -10974 = -4*s - 2*l, 19*l - 22*l = -5*s + 13723. What is the tens digit of s?
4
What is the ten thousands digit of 97*(255/35*27 + 4/14)?
1
Let m = -83 - -45. Let h = m - -40. Suppose -97 = -h*r - 7. What is the tens digit of r?
4
Suppose -5*j + 5*z = -79 - 16, -j = -4*z - 34. Suppose f - j*f = -13234. What is the hundreds digit of f?
0
Let p(s) = s**3 + 19*s**2 + 19*s + 22. Let d be 1/((-14)/220) + (-6)/21. Let g be p(d). Suppose g = 4*w - 58. What is the hundreds digit of w?
1
Let p = 26293 + -23281. What is the thousands digit of p?
3
Let k(h) = 61*h - 74. Let a be k(-4). Let d = 286 - a. What is the tens digit of d?
0
Let m be 7/28*12 + 2299. Suppose -16*o + 1554 = -m. What is the hundreds digit of o?
2
Suppose 5*v + 3 = -r, -v - v = -3*r - 9. Suppose v*a = -4*a + 8. Suppose -a*d = 5*h - 190, 4*d + 54 = 3*h - 86. What is the units digit of h?
0
Let l(q) = -3*q + 92. Let f be l(13). Let p = f + 167. What is the hundreds digit of p?
2
Let i = 208 + 854. Suppose 7*f - 1042 = 5*f + 3*q, 2*q = -2*f + i. What is the tens digit of f?
2
Let t be 5 + (-16)/2 + 19. Suppose t*q + 273 = 9*q. Let u = q + 152. What is the tens digit of u?
1
Suppose 0 = -17*w + 23*w. Suppose w = -i + 3*i - 60. What is the tens digit of 130/15*i/4?
6
Let k = 40 + -40. Let h be (k + 16)/((-1)/(3/(-6))). Suppose 0 = -r - h + 75. What is the tens digit of r?
6
Suppose 22032 = 4*c + 2*w, -5*c + 15874 = 2*w - 11666. What is the thousands digit of c?
5
Let a(v) = -14*v - 37. Let p(x) = 5*x - 149. Let y(h) = 2*h - 50. Let n(w) = 4*p(w) - 11*y(w). Let c be n(-20). What is the tens digit of a(c)?
4
Suppose 2*z + 3*s - 15534 = 0, 0 = -3*z - 35*s + 30*s + 23305. What is the tens digit of z?
5
Suppose 21*q + 8*q = -7*q + 326808. What is the tens digit of q?
7
What is the tens digit of 43184 - -1*(-154)/(-11)?
9
Let f(j) = -j**3 + 25*j**2 - j + 60. Suppose -2*v - 404 = -2*q - 2*q, 4 = -2*v. Let h be (q/(-6))/(44/(-66)). What is the units digit of f(h)?
5
Suppose 385*u + 306391 = 402*u. What is the tens digit of u?
2
Suppose c - 3*s = 36, -2*c = -3*s - 5 - 76. Let y = c + -43. What is the tens digit of ((-1)/2)/(y/(-224))?
5
Let v = -3 - -7. Let a = -386 - -546. Suppose a = v*x - 188. What is the tens digit of x?
8
Let c(m) = -3 - 23*m + 27*m - 1 + 3. Let z be c(-4). What is the hundreds digit of (-19760)/(-182) - (2 + z/7)?
1
Suppose 5*y + 20 = 4*q - q, 5*q = 2*y + 46. What is the units digit of q/4 - (-6280)/16?
5
What is the hundreds digit of (-3)/((-21)/(-2)) - (1136484/(-119) + -44)?
5
Suppose -5*u - 78790 = -5*c, 5*c = -51*u + 53*u + 78796. What is the tens digit of c?
6
What is the units digit of (-142998)/(-14) - 0 - (-13 - (-1932)/147)?
4
Suppose 3*w - 5*g + 25 = 8*w, 0 = w - 4*g + 10. Suppose -w*l + 185 = -5*t - 55, t = l - 114. Suppose -m + 0*m = -l. What is the hundreds digit of m?
1
Suppose -3522775 + 12841342 = 267*r. What is the ten thousands digit of r?
3
Let r(x) be the first derivative of -x**4/4 - x**3/3 + 2*x**2 + 15*x + 1. Let d be (-3)/(-5)*(-720)/(-54) + -8. What is the tens digit of r(d)?
1
Let t = 12 - -76. Let i = 84 - t. What is the tens digit of 18*-1*i/((-48)/(-18))?
2
Let p(d) = -2*d**3 - 12*d**2 + 11*d - 17. Let q be p(-7). Suppose -4*u - 16 = 0, -q*c + u + 1644 = -u. What is the units digit of c?
9
Let l(c) = 215*c**3 - 5*c**2 + 7*c - 3. Let z be l(2). Suppose -3*p - 2*n + z = 0, 5*p - 4*p = n + 562. What is the tens digit of p?
6
Let s be 2/6 + 5/((-30)/(-154)). Suppose 12*a - 6080 = -s*a. What is the tens digit of a?
6
Let k be (-10)/65 - 186/(-26). Let c be (1/(-2))/((k/(-84))/(-1)). What is the tens digit of ((c - 0) + 5)*(-151)/1?
5
Suppose -4*j - 4*k - 772 = 0, -3*k + 1598 = -5*j + 617. Suppose 0 = 163*q - 164*q + 406. Let i = q + j. What is the units digit of i?
1
Let y(n) = -119*n - 2371. What is the units digit of y(-29)?
0
Suppose 3*i = -3*i + 84. Suppose 4*k + j - i = 0, 3*k - k + j - 6 = 0. Suppose -5*n + k*n + 166 = 0. What is the tens digit of n?
6
Let z(r) = 5*r**2 - 24*r - 1. Let j be z(5). Suppose -4*t - 5*v = -409, j*t - 406 = -v - v. What is the units digit of t?
1
Let a be 3 + -3 + 118*(-6)/4. Let u = a - -316. What is the units digit of u?
9
Suppose -28*h + 390*h = 14*h + 8434128. What is the hundreds digit of h?
2
Suppose -28*g + 6*g + 10956 = 0. Suppose -5*p = 4*w - 1151, g + 75 = 2*w + 5*p. What is the tens digit of w?
8
Let y(q) = q**3 - q**2 + q - 2. Suppose 6*d - 10*d + 8 = 0. Let h be y(d). Suppose 2*z - 112 - 48 = 3*s, 3*z = -h*s + 223. What is the tens digit of z?
7
Suppose 5*d 